at is the highest common factor of 1 and k?
1
Let w(u) = u**3 - 3*u**2 - 4*u + 7. Let q be w(6). Suppose -2*x - 24 = 22. Let p = 36 + x. Calculate the highest common factor of q and p.
13
Suppose 0 = 4*o - 3*o + 3, -4*r = -5*o - 63. Suppose -24 = -0*f - 2*f. Calculate the highest common factor of r and f.
12
Let h be (10/(-3))/(6/(-9)). Let j be 3/(-5) + 388/h. Suppose 4*w - 7 = 3*w. Calculate the greatest common factor of w and j.
7
Suppose 3*w - 8 = 16. Let a be (4 - -68)*(2 - 1). Calculate the highest common divisor of w and a.
8
Suppose 11 = 4*c + h, -4*c = -8*c + h + 13. Suppose -13 = -s - 5*f, 2*s - c*f = -4*f + 26. Calculate the greatest common divisor of 78 and s.
13
Suppose -2*c = c. Suppose 3*b - 125 - 169 = c. Calculate the highest common divisor of b and 14.
14
Let k = -88 + 105. Calculate the greatest common factor of 17 and k.
17
Let d = -48 + 78. What is the greatest common divisor of d and 6?
6
Let p(h) = -h - 1. Let u be p(-5). Suppose 0*f - u*f + 40 = 0. Let l(t) = 6*t**2 + 4*t. Let a be l(-4). Calculate the greatest common divisor of a and f.
10
Suppose n - 10 - 97 = -5*y, 3*n + 99 = 5*y. What is the greatest common divisor of y and 231?
21
Let s(g) = g**3 + 15*g**2 - 18*g - 4. Let l be s(-16). What is the greatest common factor of l and 4?
4
Let d(r) be the third derivative of 0 + 0*r - 1/24*r**4 + 11/6*r**3 - r**2. Let u be d(10). Calculate the greatest common divisor of 1 and u.
1
Let d be -2 - 2 - -42 - 4. Calculate the highest common factor of 170 and d.
34
Let c(z) = -8*z + 1. Let m be c(10). Let a = m - -133. What is the greatest common factor of a and 36?
18
Let i be ((-3)/(-6))/1*142. Let b = 127 - i. Calculate the highest common divisor of b and 8.
8
Suppose 1 = -4*s + 9. What is the greatest common factor of s and 9?
1
Let t(y) be the second derivative of -y**4/12 - y**3/2 + y**2/2 - y. Let d be t(-4). Let k be (-73)/d - (-2)/3. What is the greatest common divisor of 5 and k?
5
Let q be -1*((-30)/2)/3. Suppose -g + k + 11 = 4*k, 2*g - 7 = -k. What is the highest common divisor of q and g?
1
Let y(j) = j**2 + 4*j - 6. Let z be y(3). Calculate the greatest common divisor of z and 105.
15
Suppose m + 0*m = 7. Let f be (-13)/(7/6 + -1). Let p be f/(-2) - (-7)/m. What is the highest common divisor of p and 10?
10
Suppose 2*i + 13 = 3*h, 2*h - 3*i + 2*i - 10 = 0. Let x = 95 + -25. What is the highest common factor of h and x?
7
Let b = 25 + -17. What is the greatest common divisor of 56 and b?
8
Let f be (-3 - -14 - -2) + -1. What is the highest common factor of f and 48?
12
Let x(l) = 6*l**2 + l - 1. Let m be x(2). Calculate the highest common divisor of 5 and m.
5
Suppose 2*s - 3*l = -2*s + 44, -l = -4*s + 52. Suppose 56 = 4*h + 3*g - 4*g, -70 = -5*h - 4*g. What is the greatest common divisor of s and h?
14
Let x be 2/(-4)*-2 - -12. Suppose -2*n + 208 = 4*v, 2*n - 156 = -3*v - 0*n. What is the highest common factor of x and v?
13
Let q(s) = -s**3 - 5*s**2 + 7*s + 8. Let o be q(-6). Let m = 14 + -10. What is the highest common factor of m and o?
2
Suppose 0 = 5*a - 2*z - 170, -4*a + z + 14 + 119 = 0. Calculate the highest common divisor of a and 4.
4
Let p = 92 + -50. Let w be (p/9)/(2/9). Calculate the greatest common factor of w and 3.
3
Let g be 146/(-4)*(3 + -5). Let w = g + -47. What is the highest common divisor of 65 and w?
13
Let k be 84 - (1 + (-4)/(-2)). What is the highest common factor of 27 and k?
27
Let g = 228 - 160. What is the highest common factor of 51 and g?
17
Suppose -p + 5 = -6. Let j be (22/8)/((-3)/(-12)). Calculate the greatest common factor of p and j.
11
Let j be 26/4 - 3/(-6). What is the greatest common divisor of j and 1?
1
Let k(r) = 3*r**3 - 4*r**2 + r - 1. Let l be k(3). Let o = 69 - l. What is the greatest common factor of o and 55?
11
Let h be (-5318)/(-7) + 2/7. Suppose 2*d = -3*d + 5*c + h, 5*d - 752 = c. Calculate the greatest common divisor of 30 and d.
30
Let o = 36 + -20. Calculate the highest common factor of o and 16.
16
Let c = 12 - 9. Calculate the highest common factor of 33 and c.
3
Let y be (3/(-6))/(1/(-2)). Let p be (5 - 0)*(0 - -1). Suppose -p*l = -5*m + 30, -39 = -3*m - l - 9. Calculate the greatest common divisor of y and m.
1
Let w(m) = 57*m - 1. Let f be w(1). Let a be 3 + (-1 - 3) + 15. Let d = 0 + a. Calculate the highest common divisor of d and f.
14
Suppose -13 = -x + 3*o - 3, 4*x + o - 53 = 0. What is the greatest common divisor of 1 and x?
1
Let a be (-5)/(-1)*1*2. Let l be 2*137/4 - 168/(-112). What is the greatest common divisor of a and l?
10
Let h be 36/15 - (-12)/(-30). Calculate the greatest common divisor of h and 4.
2
Let j(b) = -b**2 + 9*b - 3. Let k be j(8). Suppose -88 = -k*x + 3*u, -2*x - 3*x + 84 = -4*u. What is the highest common factor of x and 50?
10
Suppose 0 = -w + 30 + 150. Suppose -7*h = -4*h - w. What is the highest common factor of 24 and h?
12
Suppose 2*t - 3 = 3*m + 173, -t - 4*m + 88 = 0. Let h = -40 + t. Calculate the highest common divisor of 16 and h.
16
Let g be 2*(3 - 2)/1. Suppose 5*w = -g + 47. What is the highest common factor of w and 9?
9
Let c = -200 - -231. What is the highest common factor of 93 and c?
31
Let s(j) = j**2 - 3*j + 6. Let u be s(13). Suppose 0 = 3*z + 2*z + 5*v - 60, -4*z + 2*v + 78 = 0. Calculate the highest common divisor of z and u.
17
Let b be 68/20 - 3/(-5). Calculate the highest common factor of b and 28.
4
Suppose m = -2*m + 12. Calculate the highest common divisor of 76 and m.
4
Suppose -5*w + 488 = -77. Suppose 2*u = -37 + w. What is the highest common divisor of 57 and u?
19
Let s(l) = -l**3 - 4*l**2 - 6*l - 2. Suppose 3*n = 4*n + 4. Let w be s(n). Suppose 4*j = 223 + 41. Calculate the highest common factor of w and j.
22
Suppose 4*f + f + 3*m = 6, 0 = 2*f + 2*m. Suppose -2*k + d = 4*d - 81, 2*d - 142 = -4*k. What is the highest common divisor of f and k?
3
Let t = -45 + 31. Suppose 0 = 3*n + 2*i - 0*i, 5*n - 5 = -5*i. Let u = n - t. What is the highest common factor of u and 4?
4
Let s(g) = 64*g + 10. Let v be s(1). Calculate the highest common divisor of 111 and v.
37
Suppose 6 + 14 = 2*t + i, -4*i - 16 = 0. What is the highest common divisor of 84 and t?
12
Let u = -6 - -10. Suppose 5*m + 7 = u*b, -15 = 7*m - 2*m. Let g = b + 5. Calculate the greatest common factor of g and 33.
3
Let i(j) be the first derivative of 15*j**2/2 - 5*j - 1. Let b be i(6). Let r = -58 + b. What is the greatest common factor of r and 9?
9
Let d(u) = 10*u - 1. Let p be d(2). What is the greatest common divisor of p and 209?
19
Let q(s) = -3*s + 4. Let p be 28/(-8) - 2/(-4). Let r be q(p). What is the highest common divisor of 65 and r?
13
Suppose 2*v = o + 1, -5*o = -5*v - 0*o - 5. Calculate the highest common factor of v and 22.
2
Let r = 20 + -33. Let j = r + 146. What is the highest common factor of 19 and j?
19
Suppose j - 5 = 2*j. Let y be (1 + 1)/((-2)/j). Suppose -5*d + 0*p + 4*p + 102 = 0, -96 = -y*d + 2*p. What is the greatest common divisor of d and 45?
9
Let k(x) = -x**3 - 15*x**2 - 15*x - 13. Let w be k(-14). Calculate the highest common factor of 1 and w.
1
Let i = -7 - -11. Suppose -35 = -v - i*v + r, 2*r + 30 = 5*v. What is the highest common divisor of v and 1?
1
Let p(a) = -5*a + a + 1 + 4*a**2 - 3*a**2 - 9. Let f be -3*7*(-1)/3. Let w be p(f). Calculate the greatest common divisor of w and 91.
13
Let i(t) = -40*t + 4. Let s be i(-3). Let j = 232 - s. Calculate the highest common factor of j and 12.
12
Let i = -4 - -6. Suppose 0 = -i*k - 0*k - 2*a + 42, -2*a = 4*k - 78. Suppose 0 = -n + 5*w + 22, n + 3 - 13 = 2*w. What is the highest common factor of k and n?
2
Let u(y) = 218*y**3 - 9*y**2 + 6*y + 1. Let b be u(1). Let j be 4/(-14) + (-340)/(-14). Calculate the highest common factor of b and j.
24
Let u(y) = -4 - 4*y + 2*y**2 + y + 6 + y**3. Let z be u(2). What is the highest common factor of 48 and z?
12
Let t = -54 + 121. Suppose t - 7 = -5*q. Let k be -1 + 0 + 0 - q. Calculate the greatest common divisor of 44 and k.
11
Suppose 18 = 2*m - 94. What is the greatest common factor of 7 and m?
7
Let s(o) = -o**2 - 7*o - 1. Let b be s(-3). What is the highest common divisor of b and 88?
11
Let p(q) = 20*q**2 + 2*q + 1. Let a be p(-1). What is the highest common factor of a and 152?
19
Suppose 0 = -2*